{"id":7881,"date":"2023-08-07T20:39:02","date_gmt":"2023-08-07T19:39:02","guid":{"rendered":"https:\/\/papajuliett.com\/dostava\/"},"modified":"2024-11-19T15:42:27","modified_gmt":"2024-11-19T14:42:27","slug":"dostava","status":"publish","type":"page","link":"https:\/\/papajuliett.com\/sl\/dostava\/","title":{"rendered":"DOSTAVA"},"content":{"rendered":"\n<div class=\"wp-block-group alignfull has-white-color has-body-color-background-color has-text-color has-background\" style=\"padding-top:80px;padding-right:20px;padding-bottom:80px;padding-left:20px\"><div class=\"wp-block-group__inner-container is-layout-constrained wp-container-core-group-is-layout-2a573ab7 wp-block-group-is-layout-constrained\">\n<div class=\"wp-block-columns is-layout-flex wp-container-core-columns-is-layout-28f84493 wp-block-columns-is-layout-flex\">\n<div class=\"wp-block-column has-body-color-background-color has-background is-layout-flow wp-block-column-is-layout-flow\" style=\"padding-right:20px;padding-left:20px\">\n<h2 class=\"wp-block-heading has-white-color has-text-color\" style=\"font-size:32px;font-style:normal;font-weight:500\">DOSTAVA<\/h2>\n\n\n\n<p class=\"has-white-color has-text-color\" style=\"font-size:16px;font-style:normal;font-weight:400\">Na\u0161a glavna naloga je va\u0161e zadovoljstvo. Ko naro\u010dite na\u0161 izdelek, vas najprej kontaktiramo in se z vami pogovorimo o vseh podrobnostih, od prilagoditve izdelka va\u0161im \u017eeljam, do mo\u017enosti dostave. <\/p>\n\n\n\n<p class=\"has-white-color has-text-color\" style=\"font-size:16px;font-style:normal;font-weight:400\">Z osebnim pristopom vam zagotavljamo brezhibno izku\u0161njo in garancijo da dobite to, kar ste si \u017eeleli. <\/p>\n\n\n\n<p class=\"has-white-color has-text-color\" style=\"font-size:16px;font-style:normal;font-weight:400\">Izdelke v Sloveniji dostavimo brezpla\u010dno. Pred naro\u010dilom vas vabimo, da preberete na\u0161e <a href=\"https:\/\/papajuliett.com\/sl\/pogoji-poslovanja\/\" target=\"_blank\" rel=\"noopener\" title=\"\">pogoje poslovanja<\/a>, da si zagotovite jasen in prijeten postopek nakupa.<\/p>\n\n\n\n<div class=\"wp-block-group has-body-color-background-color has-background\" style=\"margin-top:80px;padding-top:40px;padding-bottom:40px\"><div class=\"wp-block-group__inner-container is-layout-flow wp-block-group-is-layout-flow\">\n<div class=\"wp-block-columns is-layout-flex wp-container-core-columns-is-layout-28f84493 wp-block-columns-is-layout-flex\">\n<div class=\"wp-block-column is-vertically-aligned-top has-header-overlay-color-background-color has-background is-layout-flow wp-block-column-is-layout-flow\">\n<h2 class=\"wp-block-heading has-text-align-center has-accent-color has-text-color\" style=\"font-size:19px;font-style:normal;font-weight:600\">\u20ac0 <br>V Sloveniji <\/h2>\n\n\n\n<div class=\"wp-block-buttons is-content-justification-center is-layout-flex wp-container-core-buttons-is-layout-a89b3969 wp-block-buttons-is-layout-flex\">\n\n\n<div class=\"wp-block-button has-custom-font-size is-style-fill\" style=\"font-size:11px\"><a class=\"wp-block-button__link has-navbar-transparent-text-color-color has-text-color has-background wp-element-button\" style=\"background-color:#ffffff00;padding-top:0px;padding-right:0px;padding-bottom:0px;padding-left:0px\">Brezpla\u010dna dostava<\/a><\/div>\n<\/div>\n<\/div>\n\n\n\n<div class=\"wp-block-column is-vertically-aligned-center has-white-color has-body-color-background-color has-text-color has-background is-layout-flow wp-block-column-is-layout-flow\" style=\"padding-top:20px;padding-right:10px;padding-bottom:20px;padding-left:0px\">\n<ul style=\"font-size:16px;font-style:normal;font-weight:400;line-height:2.4\" class=\"wp-block-list\">\n<li>Brezpla\u010dna monta\u017ea<\/li>\n<\/ul>\n<\/div>\n<\/div>\n<\/div><\/div>\n<\/div>\n\n\n\n<div class=\"wp-block-column is-layout-flow wp-block-column-is-layout-flow\" style=\"padding-right:20px;padding-left:20px\">\n<div class=\"wp-block-group has-body-color-background-color has-background\" style=\"padding-top:40px;padding-bottom:40px\"><div class=\"wp-block-group__inner-container is-layout-flow wp-block-group-is-layout-flow\">\n<div class=\"wp-block-columns is-layout-flex wp-container-core-columns-is-layout-28f84493 wp-block-columns-is-layout-flex\">\n<div class=\"wp-block-column is-vertically-aligned-center has-header-overlay-color-background-color has-background is-layout-flow wp-block-column-is-layout-flow\">\n<h2 class=\"wp-block-heading has-text-align-center has-accent-color has-text-color\" style=\"font-size:19px;font-style:normal;font-weight:600\">Iz Ljubljane, Slovenija <br>z avtomobilom <br>(\u010de je mogo\u010de).<\/h2>\n\n\n\n<div class=\"wp-block-buttons is-content-justification-center is-layout-flex wp-container-core-buttons-is-layout-a89b3969 wp-block-buttons-is-layout-flex\">\n<div class=\"wp-block-button has-custom-font-size is-style-fill\" style=\"font-size:11px\"><a class=\"wp-block-button__link has-white-color has-text-color has-background has-text-align-center wp-element-button\" style=\"background-color:#ffffff00;padding-top:0px;padding-right:0px;padding-bottom:0px;padding-left:0px\">Cena dostave se izra\u010duna ob poizvedbi naro\u010dila. Vklju\u010denih je 150 km brezpla\u010dnega prevoza.<\/a><\/div>\n<\/div>\n<\/div>\n\n\n\n<div class=\"wp-block-column is-vertically-aligned-center has-body-color-background-color has-background is-layout-flow wp-block-column-is-layout-flow\" style=\"padding-top:20px;padding-right:10px;padding-bottom:20px;padding-left:0px\">\n<ul style=\"font-size:16px;line-height:2.4\" class=\"wp-block-list\">\n<li>Monta\u017ea je mogo\u010da po dogovoru<\/li>\n<\/ul>\n<\/div>\n<\/div>\n<\/div><\/div>\n\n\n\n<div class=\"wp-block-group has-body-color-background-color has-background\" style=\"margin-top:80px;padding-top:40px;padding-bottom:40px\"><div class=\"wp-block-group__inner-container is-layout-flow wp-block-group-is-layout-flow\">\n<div class=\"wp-block-columns is-layout-flex wp-container-core-columns-is-layout-28f84493 wp-block-columns-is-layout-flex\">\n<div class=\"wp-block-column is-vertically-aligned-top has-header-overlay-color-background-color has-background is-layout-flow wp-block-column-is-layout-flow\">\n<h2 class=\"wp-block-heading has-text-align-center has-accent-color has-text-color\" style=\"font-size:19px;font-style:normal;font-weight:600\">Mednarodni prevoz s prevoznikom DHL<\/h2>\n\n\n\n<div class=\"wp-block-buttons is-content-justification-center is-layout-flex wp-container-core-buttons-is-layout-a89b3969 wp-block-buttons-is-layout-flex\">\n<div class=\"wp-block-button has-custom-font-size is-style-fill\" style=\"font-size:11px\"><a class=\"wp-block-button__link has-white-color has-text-color has-background wp-element-button\" style=\"background-color:#ffffff00;padding-top:0px;padding-right:0px;padding-bottom:0px;padding-left:0px\">Cena dostave se izra\u010duna ob naro\u010dilu.<\/a><\/div>\n<\/div>\n<\/div>\n\n\n\n<div class=\"wp-block-column is-vertically-aligned-center has-white-color has-body-color-background-color has-text-color has-background is-layout-flow wp-block-column-is-layout-flow\" style=\"padding-top:20px;padding-right:10px;padding-bottom:20px;padding-left:0px\">\n<ul style=\"font-size:16px;line-height:2.4\" class=\"wp-block-list\">\n<li>Monta\u017ea je mogo\u010da po dogovoru<\/li>\n<\/ul>\n<\/div>\n<\/div>\n<\/div><\/div>\n<\/div>\n<\/div>\n\n\n<div class=\"wp-block-image is-style-rounded\">\n<figure class=\"aligncenter size-large is-resized\"><img decoding=\"async\" width=\"819\" height=\"1024\" src=\"https:\/\/papajuliett.com\/wp-content\/uploads\/2023\/08\/Bar-iz-krila-prodan-v-Tecnam-819x1024.jpeg\" alt=\"dostava\" class=\"wp-image-7565\" style=\"width:410px;height:512px\" srcset=\"https:\/\/papajuliett.com\/wp-content\/uploads\/2023\/08\/Bar-iz-krila-prodan-v-Tecnam-819x1024.jpeg 819w, https:\/\/papajuliett.com\/wp-content\/uploads\/2023\/08\/Bar-iz-krila-prodan-v-Tecnam-240x300.jpeg 240w, https:\/\/papajuliett.com\/wp-content\/uploads\/2023\/08\/Bar-iz-krila-prodan-v-Tecnam-768x960.jpeg 768w, https:\/\/papajuliett.com\/wp-content\/uploads\/2023\/08\/Bar-iz-krila-prodan-v-Tecnam-600x750.jpeg 600w, https:\/\/papajuliett.com\/wp-content\/uploads\/2023\/08\/Bar-iz-krila-prodan-v-Tecnam.jpeg 960w\" sizes=\"(max-width: 819px) 100vw, 819px\" \/><figcaption class=\"wp-element-caption\"><sub>Dostava z avtomobilom na sede\u017e podjetja Tecnam Aircraft v Neaplju v Italiji.<\/sub><br><\/figcaption><\/figure>\n<\/div><\/div><\/div>\n","protected":false},"excerpt":{"rendered":"<p>DOSTAVA Na\u0161a glavna naloga je va\u0161e zadovoljstvo. Ko naro\u010dite na\u0161 izdelek, vas najprej kontaktiramo in se z vami pogovorimo o vseh podrobnostih, od prilagoditve izdelka va\u0161im \u017eeljam, do mo\u017enosti dostave. Z osebnim pristopom vam zagotavljamo brezhibno izku\u0161njo in garancijo da dobite to, kar ste si \u017eeleli. Izdelke v Sloveniji dostavimo [&hellip;]<\/p>\n","protected":false},"author":6,"featured_media":4995,"parent":0,"menu_order":0,"comment_status":"closed","ping_status":"closed","template":"","meta":{"om_disable_all_campaigns":false,"_monsterinsights_skip_tracking":false,"_monsterinsights_sitenote_active":false,"_monsterinsights_sitenote_note":"","_monsterinsights_sitenote_category":0,"iawp_total_views":53,"footnotes":""},"class_list":["post-7881","page","type-page","status-publish","has-post-thumbnail","hentry"],"aioseo_notices":[],"_links":{"self":[{"href":"https:\/\/papajuliett.com\/sl\/wp-json\/wp\/v2\/pages\/7881","targetHints":{"allow":["GET"]}}],"collection":[{"href":"https:\/\/papajuliett.com\/sl\/wp-json\/wp\/v2\/pages"}],"about":[{"href":"https:\/\/papajuliett.com\/sl\/wp-json\/wp\/v2\/types\/page"}],"author":[{"embeddable":true,"href":"https:\/\/papajuliett.com\/sl\/wp-json\/wp\/v2\/users\/6"}],"replies":[{"embeddable":true,"href":"https:\/\/papajuliett.com\/sl\/wp-json\/wp\/v2\/comments?post=7881"}],"version-history":[{"count":4,"href":"https:\/\/papajuliett.com\/sl\/wp-json\/wp\/v2\/pages\/7881\/revisions"}],"predecessor-version":[{"id":9050,"href":"https:\/\/papajuliett.com\/sl\/wp-json\/wp\/v2\/pages\/7881\/revisions\/9050"}],"wp:featuredmedia":[{"embeddable":true,"href":"https:\/\/papajuliett.com\/sl\/wp-json\/wp\/v2\/media\/4995"}],"wp:attachment":[{"href":"https:\/\/papajuliett.com\/sl\/wp-json\/wp\/v2\/media?parent=7881"}],"curies":[{"name":"wp","href":"https:\/\/api.w.org\/{rel}","templated":true}]}}

<div class="wp-block-group alignfull has-white-color has-body-color-background-color has-text-color has-background" style="padding-top:80px;padding-right:20px;padding-bottom:80px;padding-left:20px"><div class="wp-block-group__inner-container is-layout-constrained wp-container-core-group-is-layout-2a573ab7 wp-block-group-is-layout-constrained">
<div class="wp-block-columns is-layout-flex wp-container-core-columns-is-layout-28f84493 wp-block-columns-is-layout-flex">
<div class="wp-block-column has-body-color-background-color has-background is-layout-flow wp-block-column-is-layout-flow" style="padding-right:20px;padding-left:20px">
<h2 class="wp-block-heading has-white-color has-text-color" style="font-size:32px;font-style:normal;font-weight:500">DOSTAVA</h2>



<p class="has-white-color has-text-color" style="font-size:16px;font-style:normal;font-weight:400">Naša glavna naloga je vaše zadovoljstvo. Ko naročite naš izdelek, vas najprej kontaktiramo in se z vami pogovorimo o vseh podrobnostih, od prilagoditve izdelka vašim željam, do možnosti dostave. </p>



<p class="has-white-color has-text-color" style="font-size:16px;font-style:normal;font-weight:400">Z osebnim pristopom vam zagotavljamo brezhibno izkušnjo in garancijo da dobite to, kar ste si želeli. </p>



<p class="has-white-color has-text-color" style="font-size:16px;font-style:normal;font-weight:400">Izdelke v Sloveniji dostavimo brezplačno. Pred naročilom vas vabimo, da preberete naše <a href="https://papajuliett.com/sl/pogoji-poslovanja/" target="_blank" rel="noopener" title="">pogoje poslovanja</a>, da si zagotovite jasen in prijeten postopek nakupa.</p>



<div class="wp-block-group has-body-color-background-color has-background" style="margin-top:80px;padding-top:40px;padding-bottom:40px"><div class="wp-block-group__inner-container is-layout-flow wp-block-group-is-layout-flow">
<div class="wp-block-columns is-layout-flex wp-container-core-columns-is-layout-28f84493 wp-block-columns-is-layout-flex">
<div class="wp-block-column is-vertically-aligned-top has-header-overlay-color-background-color has-background is-layout-flow wp-block-column-is-layout-flow">
<h2 class="wp-block-heading has-text-align-center has-accent-color has-text-color" style="font-size:19px;font-style:normal;font-weight:600">€0 <br>V Sloveniji </h2>



<div class="wp-block-buttons is-content-justification-center is-layout-flex wp-container-core-buttons-is-layout-a89b3969 wp-block-buttons-is-layout-flex">


<div class="wp-block-button has-custom-font-size is-style-fill" style="font-size:11px"><a class="wp-block-button__link has-navbar-transparent-text-color-color has-text-color has-background wp-element-button" style="background-color:#ffffff00;padding-top:0px;padding-right:0px;padding-bottom:0px;padding-left:0px">Brezplačna dostava</a></div>
</div>
</div>



<div class="wp-block-column is-vertically-aligned-center has-white-color has-body-color-background-color has-text-color has-background is-layout-flow wp-block-column-is-layout-flow" style="padding-top:20px;padding-right:10px;padding-bottom:20px;padding-left:0px">
<ul style="font-size:16px;font-style:normal;font-weight:400;line-height:2.4" class="wp-block-list">
<li>Brezplačna montaža</li>
</ul>
</div>
</div>
</div></div>
</div>



<div class="wp-block-column is-layout-flow wp-block-column-is-layout-flow" style="padding-right:20px;padding-left:20px">
<div class="wp-block-group has-body-color-background-color has-background" style="padding-top:40px;padding-bottom:40px"><div class="wp-block-group__inner-container is-layout-flow wp-block-group-is-layout-flow">
<div class="wp-block-columns is-layout-flex wp-container-core-columns-is-layout-28f84493 wp-block-columns-is-layout-flex">
<div class="wp-block-column is-vertically-aligned-center has-header-overlay-color-background-color has-background is-layout-flow wp-block-column-is-layout-flow">
<h2 class="wp-block-heading has-text-align-center has-accent-color has-text-color" style="font-size:19px;font-style:normal;font-weight:600">Iz Ljubljane, Slovenija <br>z avtomobilom <br>(če je mogoče).</h2>



<div class="wp-block-buttons is-content-justification-center is-layout-flex wp-container-core-buttons-is-layout-a89b3969 wp-block-buttons-is-layout-flex">
<div class="wp-block-button has-custom-font-size is-style-fill" style="font-size:11px"><a class="wp-block-button__link has-white-color has-text-color has-background has-text-align-center wp-element-button" style="background-color:#ffffff00;padding-top:0px;padding-right:0px;padding-bottom:0px;padding-left:0px">Cena dostave se izračuna ob poizvedbi naročila. Vključenih je 150 km brezplačnega prevoza.</a></div>
</div>
</div>



<div class="wp-block-column is-vertically-aligned-center has-body-color-background-color has-background is-layout-flow wp-block-column-is-layout-flow" style="padding-top:20px;padding-right:10px;padding-bottom:20px;padding-left:0px">
<ul style="font-size:16px;line-height:2.4" class="wp-block-list">
<li>Montaža je mogoča po dogovoru</li>
</ul>
</div>
</div>
</div></div>



<div class="wp-block-group has-body-color-background-color has-background" style="margin-top:80px;padding-top:40px;padding-bottom:40px"><div class="wp-block-group__inner-container is-layout-flow wp-block-group-is-layout-flow">
<div class="wp-block-columns is-layout-flex wp-container-core-columns-is-layout-28f84493 wp-block-columns-is-layout-flex">
<div class="wp-block-column is-vertically-aligned-top has-header-overlay-color-background-color has-background is-layout-flow wp-block-column-is-layout-flow">
<h2 class="wp-block-heading has-text-align-center has-accent-color has-text-color" style="font-size:19px;font-style:normal;font-weight:600">Mednarodni prevoz s prevoznikom DHL</h2>



<div class="wp-block-buttons is-content-justification-center is-layout-flex wp-container-core-buttons-is-layout-a89b3969 wp-block-buttons-is-layout-flex">
<div class="wp-block-button has-custom-font-size is-style-fill" style="font-size:11px"><a class="wp-block-button__link has-white-color has-text-color has-background wp-element-button" style="background-color:#ffffff00;padding-top:0px;padding-right:0px;padding-bottom:0px;padding-left:0px">Cena dostave se izračuna ob naročilu.</a></div>
</div>
</div>



<div class="wp-block-column is-vertically-aligned-center has-white-color has-body-color-background-color has-text-color has-background is-layout-flow wp-block-column-is-layout-flow" style="padding-top:20px;padding-right:10px;padding-bottom:20px;padding-left:0px">
<ul style="font-size:16px;line-height:2.4" class="wp-block-list">
<li>Montaža je mogoča po dogovoru</li>
</ul>
</div>
</div>
</div></div>
</div>
</div>


<div class="wp-block-image is-style-rounded">
<figure class="aligncenter size-large is-resized"><img decoding="async" width="819" height="1024" src="https://papajuliett.com/wp-content/uploads/2023/08/Bar-iz-krila-prodan-v-Tecnam-819x1024.jpeg" alt="dostava" class="wp-image-7565" style="width:410px;height:512px" srcset="https://papajuliett.com/wp-content/uploads/2023/08/Bar-iz-krila-prodan-v-Tecnam-819x1024.jpeg 819w, https://papajuliett.com/wp-content/uploads/2023/08/Bar-iz-krila-prodan-v-Tecnam-240x300.jpeg 240w, https://papajuliett.com/wp-content/uploads/2023/08/Bar-iz-krila-prodan-v-Tecnam-768x960.jpeg 768w, https://papajuliett.com/wp-content/uploads/2023/08/Bar-iz-krila-prodan-v-Tecnam-600x750.jpeg 600w, https://papajuliett.com/wp-content/uploads/2023/08/Bar-iz-krila-prodan-v-Tecnam.jpeg 960w" sizes="(max-width: 819px) 100vw, 819px" /><figcaption class="wp-element-caption"><sub>Dostava z avtomobilom na sedež podjetja Tecnam Aircraft v Neaplju v Italiji.</sub><br></figcaption></figure>
</div></div></div>

<p>DOSTAVA Naša glavna naloga je vaše zadovoljstvo. Ko naročite naš izdelek, vas najprej kontaktiramo in se z vami pogovorimo o vseh podrobnostih, od prilagoditve izdelka vašim željam, do možnosti dostave. Z osebnim pristopom vam zagotavljamo brezhibno izkušnjo in garancijo da dobite to, kar ste si želeli. Izdelke v Sloveniji dostavimo [&hellip;]</p>
